r when 283 is divided by 7.
3
Calculate the remainder when 1259 is divided by 180.
179
What is the remainder when 57 is divided by 30?
27
What is the remainder when 137 is divided by 35?
32
What is the remainder when 2314 is divided by 38?
34
What is the remainder when 379 is divided by 76?
75
Calculate the remainder when 48 is divided by 10.
8
What is the remainder when 52 is divided by 9?
7
What is the remainder when 138 is divided by 18?
12
What is the remainder when 154 is divided by 27?
19
Calculate the remainder when 221 is divided by 6.
5
Calculate the remainder when 49 is divided by 29.
20
Calculate the remainder when 47 is divided by 10.
7
What is the remainder when 200 is divided by 34?
30
What is the remainder when 780 is divided by 61?
48
What is the remainder when 100 is divided by 54?
46
Calculate the remainder when 221 is divided by 15.
11
Calculate the remainder when 147 is divided by 27.
12
What is the remainder when 250 is divided by 83?
1
What is the remainder when 553 is divided by 31?
26
What is the remainder when 3777 is divided by 27?
24
Calculate the remainder when 907 is divided by 38.
33
Calculate the remainder when 251 is divided by 12.
11
What is the remainder when 14001 is divided by 149?
144
What is the remainder when 64152 is divided by 39?
36
Calculate the remainder when 165 is divided by 3.
0
What is the remainder when 117 is divided by 35?
12
What is the remainder when 183 is divided by 10?
3
What is the remainder when 43 is divided by 18?
7
Calculate the remainder when 6342 is divided by 1268.
2
Calculate the remainder when 214 is divided by 18.
16
Calculate the remainder when 231 is divided by 94.
43
What is the remainder when 134 is divided by 27?
26
What is the remainder when 49 is divided by 37?
12
Calculate the remainder when 383 is divided by 64.
63
Calculate the remainder when 213 is divided by 84.
45
Calculate the remainder when 245 is divided by 29.
13
Calculate the remainder when 232 is divided by 17.
11
Calculate the remainder when 129 is divided by 19.
15
What is the remainder when 218 is divided by 44?
42
What is the remainder when 665 is divided by 24?
17
What is the remainder when 2843 is divided by 464?
59
Calculate the remainder when 2353 is divided by 131.
126
What is the remainder when 3321 is divided by 151?
150
What is the remainder when 1811 is divided by 18?
11
What is the remainder when 108 is divided by 58?
50
Calculate the remainder when 134 is divided by 74.
60
What is the remainder when 426 is divided by 261?
165
Calculate the remainder when 66 is divided by 27.
12
What is the remainder when 390 is divided by 57?
48
Calculate the remainder when 374 is divided by 118.
20
What is the remainder when 51985 is divided by 22?
21
What is the remainder when 3288 is divided by 31?
2
Calculate the remainder when 1664 is divided by 81.
44
Calculate the remainder when 3737 is divided by 117.
110
Calculate the remainder when 440 is divided by 53.
16
What is the remainder when 58 is divided by 31?
27
What is the remainder when 622 is divided by 38?
14
Calculate the remainder when 2239 is divided by 173.
163
What is the remainder when 20530 is divided by 116?
114
What is the remainder when 171 is divided by 7?
3
Calculate the remainder when 1100 is divided by 46.
42
Calculate the remainder when 3633 is divided by 17.
12
Calculate the remainder when 1706 is divided by 114.
110
What is the remainder when 19 is divided by 4?
3
What is the remainder when 1142 is divided by 170?
122
What is the remainder when 4662 is divided by 85?
72
What is the remainder when 169 is divided by 53?
10
What is the remainder when 157 is divided by 16?
13
Calculate the remainder when 535 is divided by 146.
97
Calculate the remainder when 52 is divided by 49.
3
What is the remainder when 840 is divided by 272?
24
Calculate the remainder when 248 is divided by 42.
38
What is the remainder when 189 is divided by 5?
4
What is the remainder when 4919 is divided by 5?
4
What is the remainder when 143 is divided by 8?
7
Calculate the remainder when 97 is divided by 50.
47
Calculate the remainder when 272 is divided by 55.
52
Calculate the remainder when 57 is divided by 3.
0
What is the remainder when 395 is divided by 21?
17
What is the remainder when 2979 is divided by 42?
39
Calculate the remainder when 2584 is divided by 1291.
2
Calculate the remainder when 1775 is divided by 20.
15
What is the remainder when 597 is divided by 154?
135
Calculate the remainder when 1995 is divided by 74.
71
What is the remainder when 58 is divided by 16?
10
Calculate the remainder when 314 is divided by 63.
62
What is the remainder when 308 is divided by 293?
15
What is the remainder when 246 is divided by 31?
29
What is the remainder when 92 is divided by 25?
17
Calculate the remainder when 318 is divided by 18.
12
What is the remainder when 378 is divided by 16?
10
What is the remainder when 152 is divided by 81?
71
What is the remainder when 4799 is divided by 26?
15
What is the remainder when 852 is divided by 11?
5
Calculate the remainder when 197 is divided by 45.
17
Calculate the remainder when 8490 is divided by 8476.
14
What is the remainder when 523 is divided by 140?
103
What is the remainder when 2534 is divided by 2529?
5
Calculate the remainder when 251 is divided by 89.
73
What is the remainder when 288 is divided by 29?
27
Calculate the remainder when 3616 is divided by 54.
52
Calculate the remainder when 112 is divided by 40.
32
What is the remainder when 77 is divided by 36?
5
What is the remainder when 195 is divided by 66?
63
What is the remainder when 258 is divided by 43?
0
What is the remainder when 116 is divided by 17?
14
Calculate the remainder when 4727 is divided by 197.
196
What is the remainder when 14015 is divided by 96?
95
What is the remainder when 710 is divided by 79?
78
What is the remainder when 2395 is divided by 60?
55
What is the remainder when 109 is divided by 19?
14
Calculate the remainder when 57 is divided by 31.
26
What is the remainder when 10611 is divided by 38?
9
Calculate the remainder when 197 is divided by 28.
1
Calculate the remainder when 103 is divided by 18.
13
Calculate the remainder when 1027 is divided by 85.
7
Calculate the remainder when 63 is divided by 31.
1
Calculate the remainder when 3507 is divided by 65.
62
What is the remainder when 286 is divided by 29?
25
What is the remainder when 1586 is divided by 72?
2
What is the remainder when 1156 is divided by 166?
160
Calculate the remainder when 795 is divided by 42.
39
Calculate the remainder when 845 is divided by 186.
101
Calculate the remainder when 1051 is divided by 211.
207
What is the remainder when 86 is divided by 16?
6
What is the remainder when 245 is divided by 32?
21
What is the remainder when 165 is divided by 115?
50
What is the remainder when 269 is divided by 61?
25
Calculate the remainder when 699 is divided by 117.
114
What is the remainder when 156 is divided by 24?
12
What is the remainder when 1733 is divided by 11?
6
What is the remainder when 1004 is divided by 67?
66
What is the remainder when 79 is divided by 42?
37
Calculate the remainder when 1135 is divided by 16.
15
What is the remainder when 126 is divided by 38?
12
What is the remainder when 113 is divided by 39?
35
Calculate the remainder when 283 is divided by 26.
23
Calculate the remainder when 223 is divided by 75.
73
What is the remainder when 163 is divided by 33?
31
What is the remainder when 27 is divided by 14?
13
Calculate the remainder when 847 is divided by 16.
15
Calculate the remainder when 14968 is divided by 4985.
13
What is the remainder when 860 is divided by 116?
48
What is the remainder when 31 is divided by 10?
1
What is the remainder when 123 is divided by 71?
52
What is the remainder when 566 is divided by 502?
64
Calculate the remainder when 1390 is divided by 1354.
36
What is the remainder when 27 is divided by 16?
11
Calculate the remainder when 4086 is divided by 47.
44
Calculate the remainder when 22 is divided by 7.
1
Calculate the remainder when 3753 is divided by 13.
9
Calculate the remainder when 209 is divided by 55.
44
Calculate the remainder when 1062 is divided by 20.
2
What is the remainder when 154 is